e 14) in base 10?
14077
Convert -140441 (base 7) to base 15.
-7d5b
Convert -10014 (base 5) to base 7.
-1564
2369 (base 10) to base 5
33434
Convert -12770 (base 11) to base 5.
-1040402
Convert cc (base 14) to base 4.
2310
What is -32338 (base 10) in base 7?
-163165
Convert -1001101111 (base 2) to base 14.
-327
70 (base 9) to base 8
77
1141143 (base 5) to base 3
1002101110
22213222 (base 4) to base 14
11bd0
Convert -8170 (base 16) to base 14.
-c10c
Convert 3177 (base 14) to base 6.
103301
38d (base 15) to base 2
1100101000
155032 (base 6) to base 13
6cb3
Convert 104514 (base 6) to base 5.
240310
-13a8 (base 12) to base 7
-6446
What is 312020 (base 5) in base 8?
24024
Convert -4e50 (base 16) to base 5.
-1120143
Convert -10a0 (base 12) to base 14.
-960
-26485 (base 12) to base 5
-3140032
11221120 (base 3) to base 13
1845
Convert 740d (base 15) to base 3.
1020122211
Convert -43510 (base 8) to base 15.
-5618
Convert -100233 (base 4) to base 2.
-10000101111
What is 2313 (base 6) in base 10?
549
What is -6137 (base 9) in base 14?
-18c9
What is 16117 (base 8) in base 7?
30062
Convert -110111011 (base 2) to base 9.
-542
Convert -111000100 (base 2) to base 10.
-452
Convert -117316 (base 8) to base 9.
-61681
63 (base 16) to base 2
1100011
Convert 10000111011 (base 2) to base 4.
100323
What is -6513 (base 7) in base 6?
-14413
Convert -22583 (base 12) to base 2.
-1011001010110011
42e4 (base 16) to base 9
25436
Convert -202 (base 7) to base 16.
-64
What is -5 (base 8) in base 13?
-5
Convert -6a49 (base 13) to base 15.
-4658
100020121 (base 3) to base 15
1ee4
What is 110010000111000 (base 2) in base 5?
1310111
Convert 642 (base 16) to base 15.
71c
What is 76278 (base 9) in base 14?
145b8
Convert -19367 (base 11) to base 5.
-1331211
2511 (base 7) to base 16
3ab
What is -1065 (base 10) in base 7?
-3051
Convert -4123 (base 5) to base 9.
-657
11200 (base 7) to base 13
13a8
Convert -17480 (base 15) to base 7.
-432306
4cd6 (base 16) to base 13
8c51
1010011110010 (base 2) to base 11
4035
125520 (base 6) to base 3
120222010
Convert -110 (base 6) to base 5.
-132
What is -14726 (base 8) in base 3?
-100001222
-22001 (base 3) to base 7
-430
What is 971 (base 12) in base 4?
111211
What is 1001000100100 (base 2) in base 6?
33300
What is 500 (base 6) in base 15?
c0
Convert 101101100000 (base 2) to base 7.
11330
What is -4b0 (base 14) in base 9?
-1252
-11110220 (base 3) to base 16
-cc0
What is 19181 (base 11) in base 6?
324114
What is -123204 (base 6) in base 16?
-2b54
What is -10001011 (base 2) in base 11?
-117
What is 9 (base 11) in base 13?
9
Convert 6150 (base 10) to base 6.
44250
Convert 23b8 (base 13) to base 14.
1bac
What is 31312 (base 4) in base 8?
1566
What is 20310 (base 5) in base 15?
5da
What is -2bf2 (base 16) in base 10?
-11250
What is 1102001 (base 3) in base 6?
4431
What is -361 (base 12) in base 10?
-505
6849 (base 11) to base 2
10001100101111
Convert 295d (base 15) to base 16.
229f
-324a8 (base 12) to base 11
-45955
What is -14 (base 15) in base 5?
-34
Convert 16 (base 14) to base 2.
10100
Convert 126d (base 15) to base 6.
30104
What is 338 (base 10) in base 15?
178
Convert -3b35 (base 14) to base 16.
-28c3
Convert -6201 (base 7) to base 10.
-2157
Convert -1030331 (base 4) to base 12.
-2a25
What is -1101 (base 2) in base 7?
-16
What is -122 (base 7) in base 16?
-41
Convert 334 (base 10) to base 12.
23a
Convert 310341 (base 6) to base 7.
132115
235 (base 9) to base 7
365
-1506 (base 11) to base 10
-1942
What is -208 (base 15) in base 4?
-13022
What is 2164 (base 8) in base 9?
1506
Convert 220211 (base 3) to base 10.
670
311 (base 6) to base 7
223
What is 103576 (base 8) in base 13?
12a32
6045 (base 7) to base 9
2773
Convert -1100010000000 (base 2) to base 16.
-1880
Convert 2101 (base 4) to base 12.
101
What is -16100 (base 7) in base 3?
-20011222
What is -11000000001000 (base 2) in base 14?
-46a4
Convert 115344 (base 7) to base 3.
1001221120
-234322 (base 5) to base 11
-6600
Convert -1761 (base 12) to base 10.
-2809
-1001101000 (base 2) to base 15
-2b1
932 (base 16) to base 11
1850
Convert -1230213 (base 5) to base 12.
-11940
Convert 121211 (base 4) to base 15.
742
201655 (base 7) to base 5
2044131
Convert -11230 (base 9) to base 5.
-214404
What is -22552 (base 6) in base 5?
-100421
What is -4965 (base 11) in base 12?
-3904
Convert 100001010101111 (base 2) to base 8.
41257
What is 131322 (base 4) in base 11?
1490
What is -31420 (base 5) in base 14?
-aaa
Convert 2668 (base 15) to base 10.
8198
-2143 (base 6) to base 4
-13233
2b6 (base 12) to base 13
26a
Convert -1736 (base 8) to base 12.
-6a6
Convert -111100010111 (base 2) to base 12.
-229b
What is 2132212 (base 4) in base 11?
7698
Convert 23032 (base 7) to base 14.
21c2
-2010112 (base 3) to base 10
-1553
What is 11030 (base 4) in base 13?
1c7
Convert -575 (base 9) to base 2.
-111011001
What is -628 (base 12) in base 2?
-1110000000
What is -4052 (base 6) in base 5?
-12041
Convert -6ee (base 16) to base 3.
-2102201
What is -113211 (base 4) in base 15?
-6a9
Convert -1689 (base 15) to base 7.
-20103
Convert 113c (base 16) to base 4.
1010330
What is -21 (base 13) in base 7?
-36
What is -252412 (base 6) in base 15?
-6a7b
1a32 (base 14) to base 9
6455
What is 495 (base 11) in base 14?
300
Convert 741 (base 13) to base 9.
1623
What is 80a (base 14) in base 9?
2143
Convert 1100110010001010 (base 2) to base 9.
78740
What is -10a (base 11) in base 4?
-2003
Convert 1200011 (base 3) to base 2.
10011000011
-101110100 (base 2) to base 4
-11310
Convert 26510 (base 9) to base 14.
6754
What is 71a (base 11) in base 14?
460
-145065 (base 7) to base 5
-1400143
What is 14032 (base 5) in base 11?
949
Convert -18535 (base 11) to base 4.
-12111030
-1525 (base 8) to base 11
-706
Convert -776 (base 9) to base 16.
-27c
What is -7439 (base 11) in base 6?
-113323
-1389 (base 10) to base 8
-2555
Convert 1321130 (base 4) to base 9.
11585
212a (base 11) to base 13
1387
What is 2611 (base 8) in base 10?
1417
-6ab (base 16) to base 11
-1312
Convert -110111011000110 (base 2) to base 7.
-145451
What is -20221 (base 3) in base 13?
-115
2201010 (base 4) to base 10
10308
1863 (base 14) to base 7
15553
What is -8327 (base 10) in base 6?
-102315
What is 144 (base 11) in base 6?
441
What is -26824 (base 10) in base 5?
-1324244
378b (base 14) to base 8
22777
What is -2370 (base 11) in base 5?
-44402
What is 4417 (base 8) in base 4?
210033
Convert 36b (base 12) to base 10.
515
What is 116 (base 11) in base 5?
1023
Convert 21c7 (base 14) to base 4.
1123203
Convert -2512 (base 9) to base 2.
-11101010010
What is 175 (base 13) in base 9?
324
Convert 3912 (base 14) to base 3.
111201211
What is 13221 (base 4) in base 5?
3424
What is -20526 (base 8) in base 16?
-2156
What is 2006 (base 7) in base 5?
10232
Convert -3464 (base 16) to base 6.
-142032
-344030 (base 5) to base 8
-30146
Convert -4121a (base 11) to base 5.
-3411113
-12133 (base 11) to base 10
-17460
What is -76 (base 8) in base 11?
-57
What is 1155 (base 9) in base 7?
2336
1111223 (base 4) to base 3
21112002
Convert -515 (base 7) to base 10.
-257
What is -15985 (base 10) in base 6?
-202001
444 (base 8) to base 4
10210
-1507 (base 11) to base 4
-132113
What is -13506 (base 8) in base 16?
-1746
Convert 14035 (base 6) to base 8.
4207
Convert 8170 (base 10) to base 5.
230140
Convert -975 (base 11) to base 9.
-1541
Convert -2132 (base 5) to base 6.
-1204
Convert -10201121202 (base 3) to base 11.
-50124
1001111101 (base 2) to base 15
2c7
What is -1221 (base 3) in base 6?
-124
42005 (base 8) to base 11
120a0
3b7 (base 15) to base 9
1141
-8852 (base 15) to base 16
-70cd
What is 3136 (base 8) in base 14?
846
What is -1166 (base 9) in base 4?
-31212
-12312 (base 6) to base 2
-11100110100
Convert 90a0 (base 11) to base 15.
38ae
Convert -3a7 (base 15) to base 6.
-3504
101110000 (base 2) to base 10
368
-13165 (base 10) to base 13
-5cb9
202a (base 11) to base 12
1686
What is -20220 (base 5) in base 10?
-1310
28b (base 14) to base 2
1000000011
Convert 8884 (base 9) to base 14.
2564
What is 102002001 (base 3) in base 9?
12061
What is -150115 (base 6) in base 15?
-4388
Convert 3599 (base 14) to base 15.
2b82
331 (base 9) to base 11
227
What is 3ab9 (base 16) in base 13?
6ac5
36 (base 7) to base 3
1000
Convert